0. Suppose 68 = 4*q - 4*a, 0 = 2*q + a - 20 - 5. Calculate the greatest common factor of q and i.
14
Let w(c) = 2*c**2 - 7*c + 1. Suppose 3*z + 4*i = i + 39, i = -3*z + 45. Let u = z - 11. Let r be w(u). Calculate the highest common factor of 144 and r.
16
Let j(k) = -6*k - 52. Let l be j(-28). What is the greatest common divisor of l and 12?
4
Suppose 21 = 3*x + 4*p, 5*x = 2*p + 11 + 50. Suppose 4*f - 15 = 5*w, -3*w + x = 2*f - 2*w. Calculate the greatest common divisor of 85 and f.
5
Let i(x) = -x + 45. Let o be i(9). Calculate the greatest common divisor of o and 144.
36
Suppose 152*q - 163*q = -561. What is the greatest common divisor of q and 2907?
51
Let l(x) = x**2 - 1. Suppose -2 = i - 4. Let p be l(i). Suppose -275 = p*u - 4*u. What is the highest common divisor of u and 25?
25
Let z be -54*(-3)/(18/4). Suppose 0 = -4*b - b + 215. Suppose -3*q - 3*g + b = g, 0 = q - 5*g + 11. Calculate the greatest common divisor of z and q.
9
Let q be (-255)/6*72/(-30). Calculate the greatest common divisor of 34 and q.
34
Let h(z) = 4*z - 44. Let f be h(10). Let p be (-180)/(-24) + (-2)/f. What is the greatest common divisor of 24 and p?
8
Let z = -289 - -432. Suppose a - 3*h = -4*a + 62, -3*a + 4*h = -35. What is the highest common divisor of z and a?
13
Let g = 126 - 124. What is the greatest common factor of g and 14?
2
Let j = 14 + -5. Let f be (-21)/(-2) + -2*(-3)/(-4). Let b be (f/(-6))/(j/(-420)). What is the greatest common factor of b and 10?
10
Suppose -4*b - 3*n + 45 = 5, 0 = 5*b + 5*n - 55. Calculate the highest common factor of b and 84.
7
Let g = 683 + -13. Calculate the greatest common divisor of 10 and g.
10
Let j be 74/((1/(-2))/((-13)/13)). Calculate the greatest common divisor of 518 and j.
74
Suppose -6*z + i + 109 = -5*z, 5*z = -4*i + 590. Calculate the greatest common factor of 304 and z.
38
Suppose 0 = d + d - 336. Suppose k + 3*k - d = 0. Suppose 3*y = y + k. What is the highest common divisor of y and 14?
7
Let c = -7 + 11. Suppose c*w - 5*w - 101 = -2*k, -w - 245 = -5*k. Let s be -1 + k + (-15)/5. What is the highest common divisor of 22 and s?
22
Let d be (-189)/(-81)*(-693)/(-1 + -2). What is the greatest common divisor of d and 154?
77
Let f be (-2)/7 - 522/(-63). Suppose 3*y - 8*y = 2*j - 70, -4*j - 3*y = -154. What is the greatest common divisor of f and j?
8
Let k(s) = s**3 - 6*s**2 + 7*s - 3. Let h be k(5). Suppose 11*n = h*n + 40. What is the greatest common divisor of n and 70?
10
Suppose -1040 = -10*g - 10. Calculate the highest common factor of 1 and g.
1
Let u be 24*10 + 9/3. Let p be (-2)/8 - u/(-12). Suppose -f - 2*x = 2*x - 10, 65 = 2*f - x. What is the highest common divisor of f and p?
10
Let z = 26 - 9. Let o = 39 - z. Calculate the highest common divisor of o and 154.
22
Suppose -9*x + 2430 = -0*x. Calculate the highest common factor of 324 and x.
54
Suppose -120*s = -106*s - 182. Calculate the highest common factor of s and 13.
13
Suppose -3*o + 33 = 3*t, -2*o + 50 = 4*t + 8. Let l be (-9 - 414/(-42)) + 268/14. What is the greatest common divisor of l and t?
10
Let a(s) = s**3 - 14*s**2 - 14*s + 6. Let i be a(15). Let j = -4 - -7. What is the greatest common divisor of j and i?
3
Suppose 2509 = 34*s - 857. What is the greatest common divisor of 374 and s?
11
Let t = 671 - 644. What is the highest common divisor of 21 and t?
3
Let m = -34 + 66. What is the greatest common factor of m and 1184?
32
Suppose 5*h - 5 - 20 = 0. Suppose 0 = -h*i + 5. Suppose -286*d + 297*d = 77. What is the greatest common divisor of i and d?
1
Suppose 0 = 4*n + 5*z + 6, 0 = -4*n + z - 5*z - 8. Let c be (9/4)/(60/(-16) - n). Calculate the greatest common divisor of 81 and c.
9
Let c be 46/23*(-1 - (-171)/2). Suppose -4 = -v + 3*r, 2*v + r = -r + 32. What is the highest common divisor of v and c?
13
Suppose 15*p - 1580 = 400. What is the highest common factor of 12 and p?
12
Suppose -724 = -9*i - 265. What is the greatest common divisor of 204 and i?
51
Let s(g) be the third derivative of g**5/60 - 3*g**4/8 + g**3/3 + g**2. Let n be s(9). Calculate the greatest common divisor of 2 and n.
2
Suppose 5*k - 72 = -27. Let b(d) = 16*d - 1. Let u be b(k). Calculate the greatest common factor of 13 and u.
13
Let l = 35 - -127. Suppose -3*d - 26 = -80. Calculate the highest common factor of d and l.
18
Suppose n = 5*m - 62, 56 = 5*m + 5*n - 3*n. Let o be m/42 + 10/14. Let j(i) = i**2 - 6*i + 8. Let a be j(6). Calculate the highest common divisor of o and a.
1
Let o be -1*2310/(-5 - 2). Calculate the highest common divisor of 30 and o.
30
Let w(y) = -32*y + 4. Let z be w(-7). What is the greatest common divisor of z and 48?
12
Let w = -37 - -121. Calculate the greatest common factor of 140 and w.
28
Let c be 33 - (-3 + 3 - -1). Let o be 3*(0 + (-2)/(-2)). Suppose o*n + 192 = 6*n. Calculate the greatest common divisor of c and n.
32
Suppose 0*f + 4*f - 12 = 0. Suppose h + 2 = 3*u, -3*u = -f*h - 0*u. What is the highest common divisor of h and 11?
1
Let d be 3/(-15) + 453/15. Calculate the highest common divisor of d and 10.
10
Let d(v) = 7*v - 19. Let f be d(10). Suppose 2*q = 3*s + 48, f = 2*q - s - 5. What is the greatest common divisor of 10 and q?
10
Suppose 148*d = 1607 + 2093. Let i(k) = -3*k - 5. Let j be i(-5). What is the greatest common factor of j and d?
5
Suppose 518*z - 519*z + 15 = 0. Calculate the greatest common factor of 1215 and z.
15
Let h be (-1232)/(-12) - ((-30)/9 - -4). Calculate the greatest common factor of 6 and h.
6
Suppose 5*l - 19 = 1. Suppose -95 = -l*o - 11. Let n be o - (-1)/((-2)/(-6)). What is the highest common factor of n and 24?
24
Let v be -45 + 37 - -537*1. Calculate the highest common divisor of v and 23.
23
Let g be 1 - (-33 - (-2 + 4)). Let p be (-12)/(6 - 1 - (-10 - -16)). Calculate the greatest common factor of g and p.
12
Let k = 1200 + -1183. What is the greatest common factor of k and 3383?
17
Let q(r) = -3*r**2 + 47*r - 66. Let h be q(14). Let i be (-444)/(-14) - (-4)/14. Calculate the highest common divisor of i and h.
4
Let w be (156/234)/(1/660). Calculate the greatest common divisor of 8 and w.
8
Suppose -5*k = 1 - 6. Let a be (-1 - k) + 1*9. Suppose a*z + 3*w = 2*z + 85, 0 = 3*w. Calculate the highest common divisor of 68 and z.
17
Let u be 2*(-3 + -4)*-5. Let x be (-2)/(-3) - 12/18. Suppose x = -5*s - z + 72, 0 = -5*s + z + 78 - 10. Calculate the highest common divisor of s and u.
14
Let d(q) = -5*q - 175. Let r be d(-38). What is the highest common factor of 39 and r?
3
Suppose 2*h + 3*c - 1332 = -c, 0 = -2*h - 3*c + 1335. Suppose -n - 6*n = -h. What is the highest common divisor of n and 12?
12
Let j(w) = -w**3 - 36*w**2 - 70*w - 4. Let i be j(-34). Calculate the highest common divisor of i and 48.
16
Let h(n) = n**3 + 23*n**2 + 24*n + 47. Let f be h(-22). Suppose -w = -4*s - 8, -5*s - 33 = -3*w - 2*s. Calculate the highest common divisor of w and f.
3
Suppose 86 - 10 = 19*g. Suppose 3*m + g*u = -m + 128, -4*u = -4*m + 136. What is the greatest common divisor of 44 and m?
11
Let j be 29/3 - ((-8)/24 + 1). What is the greatest common divisor of j and 324?
9
Let h = -628 + 1025. Suppose -5*s - h = 3*t, 0 = 4*s - 5*t - 0*t + 288. Let y = s + 110. Calculate the highest common factor of 66 and y.
33
Let x(n) = 25*n + 5. Let b be x(8). Let t = b + -117. Calculate the highest common divisor of 11 and t.
11
Let y(p) = -p**3 - 5*p**2 + 3*p - 8. Let h be y(-6). Suppose -32*z = -3476 + 1236. Calculate the highest common divisor of h and z.
10
Let n(h) = h**3 + 11*h**2 - 4*h - 6. Let q be n(-7). Suppose -46 - q = -6*p. What is the greatest common factor of 44 and p?
44
Let z = 1226 + -589. What is the highest common factor of z and 39?
13
Suppose 1280 = 3*w + 290. Suppose -d = 3*n - 142, 0 = -5*n + d + w - 104. What is the highest common factor of 23 and n?
23
Let o(k) = -k - 9. Let v be o(-20). Calculate the highest common divisor of 55 and v.
11
Let n(k) = -14*k + 38*k - 15*k + 3. Let j be n(8). Let h(q) = -2*q**3 + q**2 + 3*q - 4. Let c be h(-3). Calculate the greatest common factor of c and j.
25
Suppose 0 = 25*d - 30*d + 65. What is the highest common divisor of 130 and d?
13
Suppose -6*q = -189 + 9. Calculate the greatest common factor of q and 48.
6
Let i = -24 - -34. Let o(d) = -d**3 